3
In base 12, what is 3 - -55?
58
In base 9, what is -3 - -52?
48
In base 15, what is -2 - -2207?
2205
In base 15, what is -5 + -85?
-8a
In base 16, what is 5f - 33?
2c
In base 16, what is 4 + -7?
-3
In base 5, what is 3 + -3402?
-3344
In base 10, what is -4 + 181?
177
In base 4, what is -2 + -1110?
-1112
In base 9, what is 135 + 3?
138
In base 15, what is -21 + -25?
-46
In base 14, what is 4 + -9?
-5
In base 5, what is 1 + 432?
433
In base 4, what is 3312 + -12?
3300
In base 6, what is 2 - -1554?
2000
In base 5, what is -41 - 41?
-132
In base 11, what is 2 + 64?
66
In base 11, what is -107 + -4?
-110
In base 5, what is -214 - 10?
-224
In base 2, what is -110010011 + 1110?
-110000101
In base 9, what is -1358 - -5?
-1353
In base 15, what is 6 - -497?
49d
In base 12, what is 6 - -1529?
1533
In base 10, what is -2 + 2857?
2855
In base 11, what is 373 + 6?
379
In base 14, what is -31 + -1?
-32
In base 11, what is -540 + -4?
-544
In base 2, what is -1110101110 + -1?
-1110101111
In base 6, what is 33 - 1542?
-1505
In base 2, what is 111000 + -100?
110100
In base 4, what is -12 + 1322?
1310
In base 16, what is -4 + f?
b
In base 9, what is -5 + 332?
326
In base 8, what is 24 + 153?
177
In base 3, what is 2 + -22210?
-22201
In base 14, what is 87 + 0?
87
In base 9, what is -7 + 0?
-7
In base 15, what is -3 - a7?
-aa
In base 16, what is 2b - -13?
3e
In base 2, what is 1101010001 - 1?
1101010000
In base 14, what is -1a + 8?
-12
In base 10, what is 10 + -52?
-42
In base 5, what is 1122 - -1?
1123
In base 4, what is -13213 - 2?
-13221
In base 8, what is -5 + 126?
121
In base 2, what is 100 - 1011?
-111
In base 3, what is 102 - -212?
1021
In base 15, what is 0 + 16c?
16c
In base 8, what is 1 + -2462?
-2461
In base 3, what is -1 - 201?
-202
In base 8, what is 210 - 10?
200
In base 9, what is -5 + 4851?
4845
In base 4, what is 3 + -1320310?
-1320301
In base 9, what is -6 + -207?
-214
In base 12, what is 5 + -a4?
-9b
In base 7, what is 133 + -34?
66
In base 5, what is 13 - -21?
34
In base 12, what is -3a0 + -2?
-3a2
In base 11, what is -31 - -3?
-29
In base 6, what is -13 + 102?
45
In base 11, what is 1 + 12?
13
In base 12, what is 422 - -2?
424
In base 11, what is 41 + 42?
83
In base 16, what is -2 - 17?
-19
In base 10, what is -3 - 462?
-465
In base 6, what is -134 - 3?
-141
In base 10, what is -2 + 128?
126
In base 7, what is 3 - -2655?
2661
In base 9, what is 0 - -110?
110
In base 11, what is 8379 - 5?
8374
In base 6, what is -42 + 3?
-35
In base 6, what is -220502 + -2?
-220504
In base 3, what is 21 + 112?
210
In base 16, what is 81 + 3?
84
In base 6, what is -12 + -4553?
-5005
In base 8, what is -30 - 5?
-35
In base 8, what is 202 - 13?
167
In base 9, what is -1761 + -1?
-1762
In base 2, what is 11 + -10001011?
-10001000
In base 4, what is 2032233 + -1?
2032232
In base 10, what is 1 + -1277?
-1276
In base 13, what is 66b - 5?
666
In base 11, what is -25 + 68?
43
In base 9, what is 61 + -5?
55
In base 6, what is 40 + -5?
31
In base 2, what is 101101010 - 0?
101101010
In base 7, what is -4 - -6621?
6614
In base 8, what is -67 - 143?
-232
In base 10, what is -111 - 4?
-115
In base 9, what is -2514 - 2?
-2516
In base 11, what is -87 + -4?
-90
In base 3, what is 1 + -10110?
-10102
In base 12, what is 5 - 726?
-721
In base 10, what is 1 - 4413?
-4412
In base 12, what is -11b - -2?
-119
In base 11, what is -86 + -1?
-87
In base 4, what is -200 + 21?
-113
In base 12, what is 153 + -b?
144
In base 13, what is -4 + 9?
5
In base 3, what is 2 + 1010?
1012
In base 13, what is -18 + 142?
127
In base 11, what is 1 - -286a?
2870
In base 5, what is 2013 - -4?
2022
In base 16, what is -2 - -6b?
69
In base 11, what is 19a - 4?
196
In base 10, what is 42 - 43?
-1
In base 6, what is -5 - -10313?
10304
In base 4, what is -102 + 1221?
1113
In base 11, what is -42 + -316?
-358
In base 11, what is 9 - 5?
4
In base 15, what is 2 + -8c2?
-8c0
In base 15, what is 2 - 8?
-6
In base 16, what is 10 - -15?
25
In base 15, what is -1ad - -3?
-1aa
In base 15, what is -1 - 87?
-88
In base 9, what is 62 - 40?
22
In base 8, what is 316 - -4?
322
In base 13, what is -b12 - 4?
-b16
In base 7, what is -2104 - -5?
-2066
In base 6, what is -1552 + -5?
-2001
In base 2, what is 10011110011 + 1?
10011110100
In base 14, what is -3a - -18?
-22
In base 13, what is -9 + 8?
-1
In base 3, what is -1012 - -10220?
2201
In base 15, what is -d5d + -3?
-d61
In base 9, what is 2 - -16?
18
In base 8, what is -102 + -5?
-107
In base 6, what is 23222 + 4?
23230
In base 5, what is -10 - -1403?
1343
In base 9, what is 5 - 45?
-40
In base 10, what is 3 + 15?
18
In base 8, what is -3734 + 3?
-3731
In base 4, what is -23 + 1332?
1303
In base 7, what is -100 + -1?
-101
In base 5, what is -14 - 10?
-24
In base 16, what is 3 - cd2?
-ccf
In base 5, what is 432 + 10?
442
In base 5, what is -11003 + -3?
-11011
In base 7, what is -43 + 5?
-35
In base 4, what is -22301233 - -3?
-22301230
In base 6, what is -1 + 31231?
31230
In base 14, what is -64 + -4?
-68
In base 11, what is 1 - 0?
1
In base 8, what is -2014 + -2?
-2016
In base 11, what is -1476 - 2?
-1478
In base 6, what is 115403 - 2?
115401
In base 8, what is -21 - -4?
-15
In base 5, what is -241 - 10?
-301
In base 13, what is -45 + -c?
-54
In base 9, what is 128 - -38?
167
In base 16, what is -1 + -1345?
-1346
In base 14, what is 17d - 0?
17d
In base 3, what is -10 - 10010?
-10020
In base 10, what is 1173 - -3?
1176
In base 16, what is 5 + 35?
3a
In base 8, what is 51 - -20?
71
In base 11, what is a - 10?
-1
In base 10, what is -2 + -461?
-463
In base 5, what is -12 - 2343?
-2410
In base 10, what is -21241 + 0?
-21241
In base 9, what is 71 + 114?
185
In base 5, what is 1 + -112141?
-112140
In base 8, what is -3 - 71?
-74
In base 4, what is 33310 + 32?
100002
In base 12, what is -936 - 0?
-936
In base 5, what is 10 - 100?
-40
In base 11, what is -27 - -5?
-22
In base 9, what is 388 + 4?
403
In base 2, what is 100 + 1100?
10000
In base 13, what is -292 - -2?
-290
In base 4, what is -220320 - -1?
-220313
In base 4, what is -111 - -3?
-102
In base 8, what is 10 - -14?
24
In base 4, what is 1 + 2102?
2103
In base 2, what is 100000 + 101110?
1001110
In base 7, what is 251 - -3?
254
In base 15, what is -12 + -8?
-1a
In base 12, what is -1 + aa4?
aa3
In base 13, what is 7 + -1b4?
-1aa
In base 15, what is 260 - 4?
25b
In base 14, what is -b58 - 2?
-b5a
In base 3, what is -1200 - -2112?
212
In base 12, what is -99 + -4?
-a1
In base 14, what is 2 - 15?
-13
In base 2, what is 111001 - -1100?
1000101
In base 4, what is -201 - 131?
-332
In base 11, what is 3 + -4a4?
-4a1
In base 13, what is 251 - 1?
250
In base 16, what is -58 - fd?
-155
In base 6, what is 1104 - -4?
1112
In base 8, what is 5071 - -5?
5076
In base 9, what is -17 + -284?
-312
In base 3, what is -2102222 + 10?
-2102212
In base 2, what is 1000011110 - 1110?
1000010000
In base 9, what is 2 - -46?
48
In base 11, what is -12 - 65?
-77
In base 8, what is 2 - 2700?
-2676
In base 13, what is -4 + 111?
10a
In base 2, what is 101 + 1000110?
1001011
In base 8, what is -1 - -356?
355
In base 12, what is 1b3b - 2?
1b39
In base 9, what is 331 + -21?
310
In base 2, what is 111001 + -10?
110111
In base 9, what is 1 - -2320?
2321
In base 8, what is -6 - -64?
56
In base 6, what is 0 + -10521?
-10521
In base 5, what is 2002 - 3?
1444
In base 6, what is -4 - -1131?
1123
In base 8, what is -5726 - 3?
-5731
In base 11, what is 25 + -48?
-23
In base 4, what is 32 - 221?
-123
In base 4, what is -2 + 233?
231
In base 12, what is -6845 - -4?
-6841
In base 13, what is 30 + -137?
-107
In base 10, what is -2762 + 0?
-2762
In base 4, what is -2200 - 1?
-2201
In base 5, what is -23322 + -1?
-23323
In base 7, what is -356 - 4?
-363
In base 15, what is 15 + -2?
13
In base 4, what is 1033 + -2032?
-333
In base 9, what is 4 + 5?
10
In base 16, what is 3 + -183?
-180
In base 10, what is 13 + 47?
60
In base 10, what is 7 + -77?
-70
In base 5, what is -423 - -11?
-412
In base 13, what is 7 + -42?
-38
In base 5, what is 1214 - -3?
1222
In base 9, what is -4 - -11?
6
In base 12, what is 1 + 44?
45
In base 2, what is 1100 + 11101?
101001
In base 14, what is 12 - 107?
-d5
In base 12, what is -55 + 2?
-53
In base 2, what is -1010100010 - 1?
-1010100011
In 